visor of 797778 and 752.
94
Calculate the highest common factor of 4468176 and 54.
54
What is the greatest common factor of 27 and 78696?
9
What is the greatest common factor of 22313 and 2947?
421
Calculate the greatest common factor of 1119 and 465877.
373
What is the highest common divisor of 209566 and 14?
14
What is the greatest common factor of 12 and 102876?
12
Calculate the highest common factor of 192 and 424.
8
Calculate the highest common factor of 1106 and 1343.
79
Calculate the highest common divisor of 40 and 19472.
8
What is the greatest common factor of 116 and 9532?
4
Calculate the greatest common divisor of 41085 and 495.
495
Calculate the highest common factor of 387 and 13029.
129
What is the greatest common factor of 72 and 5238?
18
What is the greatest common factor of 23360 and 320?
320
What is the highest common factor of 5175 and 2062525?
575
Calculate the greatest common factor of 188 and 226728.
188
What is the greatest common divisor of 2295 and 6987?
51
Calculate the highest common divisor of 285 and 485.
5
Calculate the greatest common factor of 99024 and 96.
48
Calculate the highest common divisor of 454510 and 453.
151
Calculate the greatest common factor of 95770 and 8540.
610
Calculate the greatest common divisor of 603 and 99629.
67
What is the highest common divisor of 2040 and 3900?
60
What is the highest common factor of 392548 and 156?
52
What is the greatest common factor of 333 and 13941?
9
What is the greatest common factor of 44180 and 132?
4
Calculate the highest common divisor of 14 and 297661.
7
Calculate the highest common factor of 7305 and 165.
15
Calculate the greatest common divisor of 7772 and 10614.
58
Calculate the highest common divisor of 9452 and 1100880.
556
What is the greatest common factor of 77803 and 121?
121
What is the highest common factor of 256 and 245824?
64
What is the highest common factor of 513 and 119187?
171
What is the greatest common divisor of 7568587 and 17?
17
What is the greatest common divisor of 11776 and 368?
368
Calculate the greatest common divisor of 16 and 64312.
8
What is the greatest common divisor of 1576 and 388681?
197
Calculate the highest common divisor of 69700 and 3825.
425
What is the highest common divisor of 2235 and 1455?
15
Calculate the highest common factor of 44 and 132376.
4
What is the greatest common factor of 104 and 11304?
8
What is the greatest common divisor of 1795245 and 1305?
435
What is the greatest common factor of 84460 and 25029?
103
Calculate the highest common factor of 9937 and 42363.
523
Calculate the highest common divisor of 40 and 308920.
40
Calculate the greatest common factor of 4684 and 16.
4
Calculate the greatest common factor of 717 and 269592.
717
Calculate the highest common divisor of 381425 and 11.
11
What is the greatest common factor of 46185 and 15?
15
What is the highest common factor of 41871 and 204?
51
What is the highest common factor of 4516490 and 110?
110
What is the greatest common factor of 5550 and 3375?
75
Calculate the highest common divisor of 6260 and 80.
20
Calculate the greatest common divisor of 875361 and 862.
431
Calculate the greatest common factor of 16 and 2441664.
16
What is the highest common divisor of 594 and 5302?
22
What is the highest common factor of 8 and 62180?
4
What is the highest common factor of 272 and 6048?
16
What is the highest common factor of 206 and 203?
1
Calculate the greatest common divisor of 176502 and 69.
69
Calculate the highest common divisor of 97 and 4880167.
97
Calculate the highest common factor of 9919 and 34335.
763
Calculate the highest common divisor of 261237 and 5565.
159
What is the highest common divisor of 5222 and 23604?
14
Calculate the highest common divisor of 990 and 9432.
18
What is the greatest common divisor of 18 and 21030?
6
What is the highest common factor of 8016 and 342?
6
What is the greatest common factor of 6 and 118474?
2
What is the greatest common divisor of 1995 and 525?
105
What is the greatest common factor of 69339 and 3219?
87
Calculate the greatest common factor of 892591 and 203.
203
Calculate the highest common divisor of 5140 and 20260.
20
Calculate the greatest common factor of 221 and 1411.
17
What is the highest common divisor of 368 and 1886?
46
What is the highest common divisor of 127939 and 33614?
343
What is the highest common factor of 13608 and 152?
8
What is the highest common factor of 161 and 2231?
23
What is the greatest common factor of 799 and 2771?
17
Calculate the greatest common factor of 1155 and 7557.
33
What is the greatest common factor of 324 and 1593756?
324
Calculate the highest common divisor of 575804 and 1148.
164
Calculate the highest common divisor of 19650 and 90.
30
What is the highest common divisor of 4 and 171386?
2
What is the greatest common factor of 228 and 583110?
114
Calculate the highest common divisor of 20 and 6108.
4
What is the greatest common divisor of 94176 and 3024?
432
What is the greatest common divisor of 200200 and 200?
200
What is the highest common divisor of 192 and 1944?
24
What is the greatest common divisor of 8584 and 1508?
116
What is the greatest common divisor of 36 and 87392?
4
Calculate the highest common divisor of 481 and 120546.
37
What is the highest common divisor of 8120 and 1680?
280
Calculate the greatest common factor of 60 and 774984.
12
What is the highest common factor of 180 and 716460?
60
Calculate the highest common divisor of 168 and 16618.
14
What is the highest common factor of 105 and 20853?
21
What is the highest common factor of 457495 and 10?
5
Calculate the greatest common divisor of 60671 and 2704.
169
Calculate the highest common factor of 931 and 724717.
133
Calculate the highest common factor of 28382 and 1380.
46
Calculate the highest common divisor of 134 and 611509.
67
Calculate the highest common divisor of 15562 and 682.
62
Calculate the highest common divisor of 326014 and 26.
26
Calculate the greatest common factor of 8 and 45502.
2
Calculate the greatest common divisor of 128 and 220544.
128
What is the greatest common divisor of 127654 and 166?
166
What is the greatest common factor of 106643 and 47?
47
Calculate the highest common divisor of 3567 and 4.
1
Calculate the greatest common factor of 273 and 31759.
91
Calculate the highest common factor of 130 and 110604.
26
What is the greatest common factor of 10948 and 6188?
476
What is the greatest common factor of 6328763 and 1883?
1883
Calculate the greatest common divisor of 12072 and 672.
24
What is the highest common divisor of 276348 and 48?
12
Calculate the highest common factor of 230 and 39560.
230
What is the greatest common factor of 114844 and 4?
4
Calculate the highest common factor of 85 and 734400.
85
What is the greatest common divisor of 72 and 3232296?
72
Calculate the greatest common divisor of 2124560 and 100.
20
What is the greatest common factor of 16 and 1159400?
8
Calculate the highest common factor of 1508 and 4118.
58
What is the highest common factor of 273 and 203112?
273
What is the highest common factor of 2025 and 5975?
25
Calculate the highest common divisor of 973371 and 357.
21
What is the greatest common divisor of 2354 and 31812?
22
Calculate the highest common divisor of 492445 and 5960.
745
Calculate the greatest common factor of 52980 and 270.
30
What is the greatest common divisor of 445 and 2410?
5
Calculate the greatest common divisor of 116046 and 294.
42
Calculate the greatest common divisor of 2047 and 1656.
23
What is the highest common divisor of 1683 and 11441?
17
What is the highest common divisor of 1080 and 3363660?
540
Calculate the highest common divisor of 160 and 37990.
10
Calculate the highest common factor of 67 and 307999.
67
What is the greatest common divisor of 78148 and 532?
28
What is the greatest common factor of 2983 and 28103?
157
Calculate the greatest common divisor of 248 and 24862.
62
What is the greatest common divisor of 139827 and 1835?
367
What is the greatest common divisor of 51331 and 7?
7
Calculate the highest common divisor of 261490 and 993.
331
Calculate the greatest common factor of 8225 and 107583.
329
Calculate the highest common factor of 230 and 135010.
230
What is the highes